st the prime factors of q.
227
Suppose 0 = -n - 3*d + 5714, -5749 = -27*n + 26*n + 4*d. List the prime factors of n.
17, 337
Let s(v) = v**3 - 11*v**2 + 3*v - 25. Suppose -2*a + 41 = 4*o + a, 4*o - 40 = -4*a. Let k be s(o). What are the prime factors of 0*(k/(-12))/(-2) - -60?
2, 3, 5
Suppose -r - 5 = -1. Let a be (-3)/6 - 6/r. Let s(g) = 144*g + 2. List the prime factors of s(a).
2, 73
Let u = 51 + -51. Suppose 5*t + u*t - 26 = 2*g, g + 4 = -2*t. List the prime factors of ((-424)/16)/(2/g).
2, 53
Let n = -41 + 44. Suppose 875 + 919 = n*t. What are the prime factors of t?
2, 13, 23
Suppose 2*m = 47 - 15. Suppose m = 5*g + 1. Suppose -4*i = c - 31, 2*i + 72 = -c + g*c. List the prime factors of c.
5, 7
Let j = -199 - -901. Let m = -405 + j. What are the prime factors of (4/6)/(9/m)?
2, 11
Let m = 5 + -2. Suppose -2*c + 8 = -2*q, 0 = -3*q - 9 + 6. Suppose -294 = -0*y - c*y + 3*t, m*t + 98 = y. List the prime factors of y.
2, 7
Let r = -67783 + 109927. List the prime factors of r.
2, 3, 439
List the prime factors of ((-4 - -6049)/(-5))/(60/(-140)).
7, 13, 31
Let j = 1452 - -2044. What are the prime factors of j?
2, 19, 23
Suppose 2*s - g = -4*g + 4, -4*g + 13 = -5*s. What are the prime factors of (-30)/(-4)*(150/(-3))/s?
3, 5
Let y(l) = 165*l**3 - 5*l**2 + 27*l - 28. List the prime factors of y(6).
2, 13, 37
Let z be (-112)/252 - (-17581)/9. Suppose 89*f = 82*f + z. List the prime factors of f.
3, 31
Let g = -116 + 122. Suppose -5*w = -4*d + 23, -10*d + 3*w + 17 = -g*d. Suppose -2*m + 0*h = -d*h - 32, m - 4*h - 19 = 0. List the prime factors of m.
3, 5
Let a(w) = 14*w**2 - 14*w + 11. Let f be a(4). Let v = 125 + f. What are the prime factors of v?
2, 19
Let h(b) = 5664*b**2 - 32*b - 99. What are the prime factors of h(-3)?
3, 13, 1307
Let k(f) = 14*f**3. Let q be k(-1). Let v(z) = -z**3 - 14*z**2 + z + 26. Let b be v(q). Suppose -11*o + b*o - 121 = 0. List the prime factors of o.
11
Suppose 21126 = 2*w + 2*h, 0 = h + 467 - 470. List the prime factors of w.
2, 3, 5, 11
Let b(a) = -a - 3. Let i be b(-7). Suppose i*v + r - 733 = 0, -2*r + 3 = 9. List the prime factors of v.
2, 23
Suppose -12*i - 17704 = -4*c - 17*i, -2*c - i + 8852 = 0. Let v = c - 2777. List the prime factors of v.
17, 97
Suppose -45*b + 586552 + 2737823 = 0. List the prime factors of b.
3, 5, 197
Let a = -22453 + 95047. List the prime factors of a.
2, 3, 37, 109
Let w(m) = m**3 - 6*m**2 - 16*m - 1. Let l be w(8). Let z be 1/1 + l + 42/(-7). Let j = 25 + z. List the prime factors of j.
19
Let d(i) = 49*i + 917. What are the prime factors of d(-6)?
7, 89
Let d(t) = -285*t - 87. What are the prime factors of d(-1)?
2, 3, 11
Suppose 15*u = 25*u + 5270. Let f = 862 + u. What are the prime factors of f?
5, 67
Suppose -5*b = 126 - 11. Let f = b - -344. What are the prime factors of f?
3, 107
Let c be 2*(-36)/(-39) - 6/(-39). Suppose -24*d = -25*d + c. Suppose 0 = -d*r - k + 233, -4*k = -r - 2*r + 344. List the prime factors of r.
2, 29
Let g(l) be the third derivative of 7*l**4/24 - 5*l**3/2 + 6*l**2. Let c be g(3). Suppose -c*w + 77 + 25 = 0. What are the prime factors of w?
17
Let s = 532 - 537. List the prime factors of (-4)/18 + (s - (-25548)/27).
941
Let b = 54 + -42. Let j be ((-30)/b)/((-2)/4). Suppose 2*p = 6*p + 5*g - 299, -385 = -j*p + 5*g. What are the prime factors of p?
2, 19
Let f(l) = l**3 - 26*l**2 + 68*l - 34. Let s be f(20). Let a = 1804 + s. What are the prime factors of a?
2, 5, 73
Let v(i) = 79*i**2 - 98*i + 92. What are the prime factors of v(20)?
2, 7433
Suppose -4*a + y = 67, 3*a - 4*a - 2*y = 19. Let p(c) = 2*c**2 - 23*c - 30. What are the prime factors of p(a)?
3, 313
Suppose -24 = -11*g - g. Let y(x) = 2*x**3 + 1 - 8*x**3 - x**2 + 1 + 3*x**2 + g*x. List the prime factors of y(-2).
2, 3
Suppose 6*b - 8*b + 46 = 0. Suppose -5*m + m + b = i, -2*m = 4*i - 22. What are the prime factors of (-2*1)/(-1)*(m - -1)?
2, 3
Suppose 3*j = 2*f - 28, 2*f = -3*j - 2*f - 16. Let u = j - -9. Let y = u - -45. List the prime factors of y.
2, 23
Let u = 7942 + -12552. What are the prime factors of -3*6/54 + u/(-15)?
307
Suppose 108*g + 132 = 130*g. Suppose 8*r - g*r + 3*c - 2428 = 0, -4*c = 0. What are the prime factors of r?
2, 607
Suppose 2*l = -s + 106658, 51222 = 5*l - s - 215451. What are the prime factors of l?
7, 19, 401
Suppose -102*t - 72 = -90*t. What are the prime factors of (17068/(-102))/(2/t)?
2, 251
Let v = -7 - -1. Let d be v/(3 + 0) + 16. List the prime factors of (13 - d) + (-150)/(-2).
2, 37
Let j(l) be the first derivative of -l**2 - 2*l + 4. Let n be j(-3). Suppose -4*u + 139 + 10 = h, n*h = 3*u - 126. What are the prime factors of u?
2, 19
Let b(y) = 123*y**2 - 432*y - 4776. List the prime factors of b(-11).
3, 13, 127
Suppose 5*p - 3*h = 41305, 0 = -4*p - 15*h + 10*h + 33081. What are the prime factors of p?
2, 1033
Suppose 116*p - 108*p = 14232. Let y = p - 1120. What are the prime factors of y?
659
Let k(l) = -l**2 - 3*l + 3. Let w be k(0). Suppose 393 = h - y, w*y = -7*h + 6*h + 397. List the prime factors of h.
2, 197
Suppose -5*h = 3*o - 22821, 28*o - 32*o + 18252 = 4*h. List the prime factors of h.
2, 3, 761
Suppose 25*k = 35*k - 106078 - 41972. List the prime factors of k.
3, 5, 7, 47
Let b(n) = -13*n + 1. Let z be b(1). What are the prime factors of (-228)/(4 + 66/z)?
2, 19
What are the prime factors of 2/(-6)*-5*(-66)/110*-1655?
5, 331
Let x = 22 - 13. Let m(u) = 25*u + 43. List the prime factors of m(x).
2, 67
Suppose l = 5*b + 15, -l + 16 = -4*b + 5. List the prime factors of 487 - (-1 - (b - -1 - 1)).
2, 11
Let g(h) be the third derivative of 4*h**5/15 - 7*h**4/24 - 13*h**3/6 + 3*h**2 - 25*h. What are the prime factors of g(-4)?
271
Suppose -5*g - 5475 = -4*p + 3*p, -2*p + 4*g + 10968 = 0. What are the prime factors of p/26 + (0 - 18/117)?
211
Let u be (12/(-24))/(1/(-6)). Suppose 5*w - 3*z - 226 = -0*w, -2*w + 94 = -u*z. Suppose -q + 2*q = 4*p - 170, -p + w = -q. List the prime factors of p.
2, 3, 7
Suppose 4*i - 12 = 2*o - 0*i, -4*i = -o - 12. Suppose o + 52 = l. What are the prime factors of l?
2, 13
Let o(l) = 2*l**2 - 9*l + 5. Let u = 24 + -9. Suppose u = 2*n - 5. What are the prime factors of o(n)?
5, 23
Let d(n) = 30*n**2 + n + 2. Let t be d(2). Let y(k) = -k**2 - 24*k + 855. Let q be y(-40). Let x = q - t. List the prime factors of x.
7, 13
Let x = -15 + 17. Let v = 28 + -12. Suppose x = 17*j - v*j. List the prime factors of j.
2
Suppose 0*t - 63 = -7*t. Let z(f) be the first derivative of f**3/3 + f**2/2 - 3*f - 33. List the prime factors of z(t).
3, 29
What are the prime factors of 13/(78/217128) - (2 - -2)/4?
36187
Let f(t) = 6*t**2 + 154*t - 3137. List the prime factors of f(87).
5, 17, 131
Suppose -230779 + 26809 - 260343 = -89*j. List the prime factors of j.
3, 37, 47
Suppose 29 = 25*k - 71. Suppose -3 = -w - k, -5*r - 4*w = -4321. What are the prime factors of r?
5, 173
Suppose -2*g = -7*g + 4*d + 7709, 0 = 4*d + 4. Let r = g + -293. List the prime factors of r.
2, 3, 13
Suppose 188*v - 763578 - 3900514 = 0. List the prime factors of v.
24809
Let g = -1 + 8. Let k(z) = -z**3 + 7*z**2 - 5*z + 2. Let t be k(g). List the prime factors of ((-24)/11)/(-1) + 6/t.
2
Let h be (30/(-24))/(1/16). What are the prime factors of ((-6)/h)/(168/5180)*40?
2, 5, 37
Let c = 5022 - -1806. List the prime factors of c.
2, 3, 569
Let i(p) = -p**3 + 3*p**2 + 29*p - 92. Let x be i(5). Suppose 25*l - 28*l - 6 = 0, x*l = -3*a + 1863. List the prime factors of a.
7, 89
Let p = -315 - -372. Suppose 2*i = 6*h - 2*h + 486, i + 5*h = 208. Let u = i - p. List the prime factors of u.
2, 11
Suppose 38*f = 16*f + 324896. Suppose 34*s = 8*s + f. What are the prime factors of s?
2, 71
Suppose -k - 2 = -3*h - 4, -3*h + 3*k - 12 = 0. Let l(s) be the second derivative of 21*s**4/2 - 5*s**3/6 + 3*s**2/2 + s. What are the prime factors of l(h)?
2, 31
Let d = -25811 - -36825. What are the prime factors of d?
2, 5507
Let m(s) = s - 17. Let l be m(15). What are the prime factors of (l/3)/((-1)/72)?
2, 3
Let g(a) = -a**3 + 3*a**2 + 31*a + 659. List the prime factors of g(-21).
2, 331
Let o = -5437 - -9215. List the prime factors of o.
2, 1889
Suppose -5*u = -11*v + 6*v - 23595, -2*v = -4*u + 18880. What are the prime factors of u?
4721
Let y = 4765 - 2482. Suppose -y = -3*u